b + 24*z + 6300. Suppose -4*x - 2*l = -8958, -5*x - 5*l + b = -8061. Is x composite?
False
Let i be (3 - 13/3)*-5469. Suppose -l + 1823 = 7*a - 4*a, -3*a = -4*l + i. Is l composite?
False
Let a = -11904 - -8051. Let t = 11552 + a. Is t prime?
True
Suppose -677113 = 134*i - 137*i - 4*b, 5*b = 5. Is i a composite number?
True
Suppose 303*l - 3552021 - 2539087 = 101*l. Is l composite?
True
Let f be (-33)/9 - (4/6)/2. Let i be 2*2 - (-84)/(-14) - f. Suppose i*y + 3*y - 310 = 0. Is y composite?
True
Let d = -381 + 1485. Let h = -227 + d. Is h composite?
False
Suppose -4*m = 2*c - 140606, 8*m - 3*c + 70297 = 10*m. Suppose -53838 = -7*q + m. Is q prime?
True
Is 2/3*1393077/14 a prime number?
True
Let l(s) be the first derivative of 2059*s**3/3 - 9*s**2/2 + 4*s + 30. Is l(2) a prime number?
False
Suppose -14*z - 609 = -2275. Let u = 119 - z. Suppose u = 2*k - 9*k + 2611. Is k prime?
True
Let g be 20/(-100) + -1 + (-6)/(-5). Suppose -48*m + 27*m + 73731 = g. Is m a prime number?
True
Let h = 7410 + -4938. Is ((-658)/21)/((-16)/h) a composite number?
True
Suppose 4*a = -2*a - 6. Let z be a*(-1)/(-1) - -510. Suppose 0 = -c + y + 388 + 133, 2*y - z = -c. Is c a prime number?
False
Suppose 3*l - 13 = -5*b + 28, l + 4*b - 23 = 0. Suppose 19*z - l*z = 14856. Is z a prime number?
False
Let k = 2196 - 2192. Let z be (-1 - -7) + -2 + 1. Suppose -z*j = 6 + 19, k*x - j = 2977. Is x a prime number?
True
Suppose 3 = -o + 7. Suppose o*i + 3*y = -34, -3*i + 3*y - 46 = i. Let p(h) = 11*h**2 - 5*h - 9. Is p(i) a composite number?
True
Let u = 72497 + 138930. Is u a composite number?
False
Let t(k) = -k**2 + 19*k + 1. Let l be t(8). Let d(z) = 15*z**3 + z**2 + 8*z - 8. Let f be d(3). Suppose -l + f = m. Is m a composite number?
True
Suppose 81265 = 7*d - 925132. Is d a composite number?
True
Let b(l) = -18*l - 8 + l**2 - 3*l**3 + 16*l + 6. Let k be b(-1). Is (13/(-3))/(k/(-9 + -3)) composite?
False
Let y(i) = i**2 + 35*i + 241. Let g be y(-7). Is 3351805/g + 24/54 composite?
True
Suppose -32953598 = -81*d + 3282843 - 7523642. Is d prime?
True
Let j = 292647 + -177566. Is j a composite number?
True
Let l be (1650/(-24) + 3)*(-3 + -1). Suppose 5*z = j + 2*j + 652, 2*z + j - l = 0. Let h = -94 + z. Is h a composite number?
False
Suppose -14 = -12*p + 10. Suppose -d + 4*d - 36929 = -p*i, 49254 = 4*d - 5*i. Suppose j + l = 3372, 5*l = -4*j + d + 1178. Is j a composite number?
False
Is (217582/(-5))/(1596/(-190) - -8*1) composite?
False
Suppose 3*k - 17 = -4*c, 3*c + k - 6 = 13. Let s(q) = 133*q - 73. Is s(c) a composite number?
False
Is (-63)/(-45)*(-2)/(-21) - 5722115/(-75) composite?
True
Let g(c) = 5*c**2 - 43*c - 289. Is g(38) a prime number?
True
Let m = 348697 - 150246. Is m composite?
True
Suppose 98626 = 4*y - 5*i - 17238, 0 = 2*y + i - 57918. Is y composite?
False
Suppose -8*i + 947132 = 72988. Let v = 172987 - i. Is v a composite number?
False
Suppose t + 3*t + 152 = 0. Let x = 38 + t. Suppose 446 = -x*q + 2*q. Is q composite?
False
Suppose -16 = z + 38. Let l = z - -53. Let i(t) = 1006*t**2 - 4*t - 1. Is i(l) a composite number?
False
Suppose -596 = -2*w + 2*m + 300074, 150371 = w + 5*m. Is w a prime number?
False
Suppose 5*n = -4*m - 10, 0*m + 5*n = -3*m - 10. Suppose 9*t + 5*t - 11494 = m. Is t a prime number?
True
Let g = 147187 - -35662. Is g composite?
True
Let w = 118057 - 68834. Is w a prime number?
True
Suppose 0 = 14*z - 0*z. Suppose z = -0*r - 2*r + 3086. Is r composite?
False
Suppose -8 - 12 = -5*u. Let c(r) = -5*r**3 + r**2 - 2*r - 1. Let n(a) = 24*a**3 - a**2 + 6. Let v(j) = 3*c(j) + n(j). Is v(u) composite?
False
Let a(f) = -f**3 - 3*f**2 - 3*f - 6. Let c be a(-3). Suppose -c*i - 22455 = -12*i. Is i prime?
False
Suppose -a + 138510 - 461940 = -7*a. Is a a prime number?
False
Let y(r) = -r**3 - 48*r**2 + 15*r + 77. Is y(-53) composite?
False
Suppose -513476 = -3*r - 12*j + 7*j, r + 2*j = 171160. Suppose -52*t + r = -36*t. Is t a prime number?
False
Let f = 314044 - -92749. Is f a composite number?
True
Let c = -39 + 41. Suppose 5*n = 2*h - 4, 0 = 4*n + 2*h - 7*h + 10. Suppose c*v - 511 - 16975 = n. Is v composite?
True
Let u = -331 + 337. Is 1234/u - 100/150 a composite number?
True
Let h(l) = 190*l**3 + 33*l**2 - 196*l + 67. Is h(8) a composite number?
True
Let j(a) = -a**3 - 3*a**2 - 2*a + 11. Let z be j(-5). Suppose -80*x + 231615 = -z*x. Is x a composite number?
True
Let x(c) = -c**3 + 168*c**2 - 137*c + 2401. Is x(77) prime?
False
Is 5 + (74338 + -3 + (-15)/5)/2 a prime number?
True
Let b(z) = -z**3 - 14*z**2 - 4*z - 27. Suppose 5*i + 129 - 29 = 0. Is b(i) composite?
True
Let c = 1866532 + -963969. Is c a prime number?
True
Suppose 59*z - 16*z + 602 = 0. Is (-192012)/(-20) - z/35 a composite number?
False
Suppose -5*j - 3317073 = -3*q, 4422764 = 4*q - 61*j + 60*j. Is q a composite number?
False
Let r(s) = 21*s**2 - 12*s + 5. Let l(j) = -15 + 6 - 85*j**2 + 49*j - 12. Let y(p) = 2*l(p) + 9*r(p). Is y(-4) composite?
False
Is 1*167956/(-16)*(0 + 7 + -11) a prime number?
False
Suppose 0 = 92*h - 9837285 - 9860375. Is h a prime number?
False
Suppose -p + 4*s - 7 = 6, s = -3*p - 13. Let k(j) = 32*j**2 - 9. Let z be k(p). Suppose z = 3*m - 448. Is m a prime number?
False
Let l = 57 - 129. Is (-432480)/l - (-3)/9 a prime number?
True
Let m(h) be the second derivative of -h**5/2 - 3*h**4/4 - 5*h**3/6 + h**2 - 60*h. Is m(-3) composite?
True
Suppose -226*l + 11 = -227*l. Is ((-11099)/1)/(-1*(12 + l)) a prime number?
False
Let h = 1629 - 680. Let m be h*-1 - 10/(-5). Let w = m - -1632. Is w prime?
False
Is 5 - (-265)/(-50) - 2821193/(-10) a prime number?
False
Suppose 4*s - 10 = -m - 2, 4*s - 8 = 5*m. Suppose 5*i - 4*h = -m*h + 10745, 2149 = i + 5*h. Is i a composite number?
True
Let b = -47 - -90. Suppose 0 = b*n - 37*n - 1506. Is n prime?
True
Suppose 70605 + 47361 = 6*d. Is d composite?
False
Let o(c) be the second derivative of 0 + 1/2*c**2 + 2/3*c**3 + 1/6*c**4 + 29/5*c**5 - 8*c. Is o(3) composite?
False
Let u = -20885 + 34634. Is u a composite number?
True
Suppose -3*j = 5*c - 6, -j + 2 = -0*c + 4*c. Suppose c = 5*o + 4*k - 1183, 3*o + 469 = 5*o + 3*k. Is o*(-4 - 5/(-1)) a composite number?
False
Let i be (2 - -842) + (3 - 6). Suppose 0*p + 3 = -a + p, 0 = 5*p - 15. Suppose -i = -a*w - w. Is w a composite number?
True
Let j = 607 + 25. Suppose -11*f = j - 8739. Is f prime?
False
Let b(p) = 123*p**2 + 7*p + 27. Let g be b(5). Let c = g - 528. Is c composite?
False
Suppose 3*v - 2*u = 1, -5*v + 7 = -250*u + 248*u. Suppose 5*r - 34732 = -v*n, -7*n = -2*n + 5. Is r composite?
False
Suppose 29960 = -4*d + 33*i - 35*i, -i + 37464 = -5*d. Let y = d - -11151. Is y a composite number?
False
Let y(m) = 103*m**2 - m - 11. Let r(w) = -w**3 + 2*w**2 - w + 7. Let x be r(3). Let k be y(x). Suppose -3*d + 1376 = -k. Is d prime?
False
Let k(x) = -2*x**2 + 21*x - 53. Let h be k(7). Let u = -3 - -2. Is (5052/8 - u) + (-6)/h a prime number?
False
Suppose 3*m - 13*y = -11*y + 284425, -2*m + 2*y = -189614. Is m prime?
True
Let u(s) = 786*s - 2647. Is u(58) a prime number?
False
Suppose 0*n + 24 = 3*n. Suppose 2*v = -0*v + n. Suppose -3*b + v*b - 89 = 3*s, 356 = 4*b + 5*s. Is b composite?
False
Let u be 15/(-75) + 1152243/15. Suppose 120*n + u = 136*n. Is n a composite number?
False
Let n be 8*(-235)/30*-3. Suppose 3*w + 158 = 2*d, -4*w + 0*d - n = 3*d. Let o = w - -159. Is o composite?
False
Suppose 0 = -42*o + 68*o - 1143922. Is o a composite number?
False
Let p be (-84)/3*(-24)/28. Is 786495/p + (-15)/(-40) prime?
True
Is (-126304)/(-10) + 296/(-40) + 8 composite?
True
Is ((-6)/9)/((3/155501)/((-207)/46)) prime?
True
Let p(d) = 9*d + 44. Let o be p(-3). Let j(f) = 3*f**2 + 31*f - 33. Is j(o) a prime number?
True
Suppose 62 - 60 = q. Suppose 0 = 4*j + d + 803, -j + 2*d = q*j + 594. Let x = 283 + j. Is x a prime number?
True
Let h(u) = -101*u**3 + 6*u**2 + 32*u + 22. Is h(-7) a composite number?
True
Suppose 16*j - 14*j = 161736. Suppose 20*n + j = 32*n. Is n composite?
True
Is 21031784/171 + (-1 + 0)/(4 + -13) a prime number?
False
Is ((-434)/(-1519) - 8138402/21)*(-3)/4 a composite number?
False
Suppose 5*v = h + 22677, -v + 4541 = -6*h + 3*h. Is v prime?
False
Suppose 9*f + 1206 = 11*f. Let q = f - -530. Is q prime?
False
Suppose 539456 + 579037 = 82*r - 79*r. Is r c